309832 and 1188.
108
Calculate the greatest common divisor of 31146278 and 22287.
391
Calculate the highest common factor of 3983148 and 324.
108
What is the highest common divisor of 566688 and 1056?
96
What is the highest common divisor of 16608744 and 972?
36
What is the highest common factor of 14208344 and 14261?
1097
Calculate the highest common factor of 392 and 4741730.
98
Calculate the greatest common factor of 20733 and 1689.
3
Calculate the highest common factor of 534 and 3535566.
6
Calculate the greatest common factor of 120380994 and 18.
18
What is the greatest common divisor of 8980 and 476?
4
What is the greatest common divisor of 215578189 and 53?
53
What is the greatest common factor of 248930 and 9362?
62
What is the greatest common divisor of 2108 and 35269628?
68
What is the highest common divisor of 2511104 and 1870?
34
What is the highest common divisor of 3552 and 14003232?
96
Calculate the highest common divisor of 105219 and 2889.
27
Calculate the greatest common divisor of 867 and 89569549.
17
Calculate the greatest common divisor of 158435139 and 76425.
3057
Calculate the highest common divisor of 1880 and 274460.
20
What is the greatest common factor of 8018 and 1988198?
38
What is the highest common divisor of 2080 and 211975920?
1040
Calculate the greatest common divisor of 37 and 20002903.
37
Calculate the highest common divisor of 99 and 136001844.
99
Calculate the highest common factor of 150723377 and 119.
119
Calculate the highest common divisor of 75 and 78473225.
25
Calculate the greatest common divisor of 342078 and 594.
66
What is the greatest common divisor of 889646 and 725014?
3166
Calculate the highest common factor of 9936 and 1292048.
368
What is the highest common divisor of 3470262 and 590?
118
Calculate the greatest common divisor of 11342262 and 48.
6
Calculate the greatest common factor of 34608 and 673414.
1442
What is the greatest common divisor of 13575 and 1543275?
75
Calculate the highest common divisor of 2344 and 775129156.
1172
What is the greatest common factor of 29669516 and 6620?
1324
What is the greatest common factor of 42 and 95613777?
21
Calculate the greatest common divisor of 9517 and 2792472.
307
What is the highest common factor of 11008 and 29?
1
What is the greatest common factor of 2507 and 3900823?
23
Calculate the highest common divisor of 123239662 and 247.
247
What is the greatest common factor of 9000570 and 90?
30
What is the highest common factor of 144 and 15457164?
12
What is the highest common factor of 211540 and 14980?
140
What is the highest common factor of 229562977 and 838?
419
What is the highest common factor of 367752 and 360588?
2388
Calculate the greatest common factor of 22007 and 7674475.
373
Calculate the greatest common divisor of 24784002 and 162.
54
What is the greatest common factor of 616548 and 139812?
2292
What is the greatest common factor of 258025 and 275?
25
Calculate the highest common factor of 12882792 and 65.
13
What is the highest common factor of 2514 and 7777478?
838
Calculate the greatest common divisor of 33160 and 7192.
8
Calculate the greatest common divisor of 191559 and 153.
3
Calculate the highest common factor of 43409736 and 27.
27
What is the highest common divisor of 166334 and 44058?
14
Calculate the highest common divisor of 2541713 and 1175.
47
What is the highest common factor of 21797336 and 88?
88
What is the greatest common divisor of 6 and 23298738?
6
What is the highest common factor of 42 and 1704297?
21
Calculate the greatest common factor of 2834 and 179759203.
1417
Calculate the greatest common divisor of 116 and 47002388.
116
What is the highest common factor of 5388 and 1236?
12
What is the greatest common divisor of 8010 and 26865?
45
What is the greatest common factor of 128 and 926154368?
128
What is the highest common divisor of 46179415 and 10?
5
What is the greatest common divisor of 554015 and 1232?
77
What is the highest common divisor of 980 and 743260?
140
Calculate the greatest common factor of 6561528 and 18.
6
What is the highest common factor of 10048 and 1010138?
314
What is the highest common divisor of 514 and 1830244?
2
Calculate the greatest common factor of 271509953 and 22672.
1417
Calculate the greatest common divisor of 8148 and 307552.
28
Calculate the greatest common divisor of 3088344 and 7347.
93
What is the highest common divisor of 3903913 and 650?
13
Calculate the highest common factor of 50993536 and 4224.
1408
Calculate the highest common divisor of 79059 and 465302.
73
What is the greatest common divisor of 36448 and 5933?
17
What is the greatest common factor of 71 and 156642543?
71
Calculate the greatest common factor of 13060 and 1099828310.
6530
Calculate the greatest common divisor of 416 and 232707644.
52
What is the greatest common divisor of 2576479 and 3664?
229
What is the highest common factor of 39945895 and 44?
11
What is the highest common divisor of 9236644 and 136?
68
Calculate the greatest common factor of 4881107 and 616.
77
Calculate the greatest common factor of 14075 and 67216007.
563
Calculate the highest common factor of 25972 and 114896.
172
What is the greatest common factor of 305789 and 319?
11
Calculate the greatest common divisor of 55303094 and 1694.
154
What is the highest common divisor of 64452 and 3063828?
1572
Calculate the highest common divisor of 70125770 and 580.
290
What is the greatest common factor of 188043360 and 6720?
480
What is the highest common factor of 25866032 and 16?
16
Calculate the greatest common factor of 439 and 418595719.
439
Calculate the greatest common divisor of 350 and 1216990950.
350
Calculate the highest common divisor of 300585 and 22475.
145
What is the greatest common factor of 22909200 and 4964?
68
What is the greatest common factor of 485 and 2509390?
485
Calculate the greatest common divisor of 6 and 686866.
2
Calculate the greatest common factor of 2121757533 and 21.
21
What is the highest common factor of 216408348 and 108?
108
What is the highest common factor of 138825 and 12340?
3085
Calculate the greatest common divisor of 3157945 and 560.
35
What is the greatest common divisor of 331245 and 32810?
85
What is the highest common divisor of 260 and 1517140?
20
Calculate the highest common factor of 58 and 262754587.
29
Calculate the highest common divisor of 3669354 and 39.
39
What is the highest common divisor of 27 and 10846197?
27
What is the highest common divisor of 10335 and 680520?
795
Calculate the greatest common factor of 213522 and 5997346.
3746
Calculate the highest common factor of 105035 and 2555.
35
Calculate the greatest common divisor of 80954 and 27234.
34
What is the greatest common divisor of 12374 and 14836157?
269
Calculate the highest common factor of 15977228 and 2.
2
What is the greatest common factor of 4698 and 48195?
81
Calculate the highest common factor of 817 and 3837468.
19
What is the greatest common divisor of 279514714 and 17?
17
What is the highest common divisor of 326 and 141386200?
326
Calculate the greatest common factor of 252 and 6220256.
28
Calculate the greatest common factor of 1893 and 4239.
3
What is the highest common factor of 931 and 5087649?
133
Calculate the highest common factor of 482858114 and 2514.
838
What is the greatest common divisor of 37 and 442410184?
37
What is the greatest common divisor of 38 and 439601119?
19
Calculate the greatest common factor of 54325168 and 32336.
688
Calculate the highest common factor of 170357 and 440759.
187
Calculate the greatest common divisor of 182757150 and 360.
90
Calculate the highest common factor of 344548 and 576.
4
What is the highest common factor of 40 and 14621372?
4
What is the greatest common divisor of 1305 and 20982?
3
Calculate the greatest common divisor of 70892640 and 80.
80
Calculate the highest common factor of 30186 and 4032.
18
Calculate the highest common divisor of 7992 and 303437.
37
What is the greatest common factor of 219526791 and 363?
363
Calculate the highest common factor of 20502 and 194032.
134
Calculate the greatest common factor of 517297 and 7216.
451
What is the highest common factor of 374 and 2594020?
22
What is the greatest common divisor of 435 and 19004135